{"id":1414,"date":"2024-04-08T21:18:00","date_gmt":"2024-04-08T19:18:00","guid":{"rendered":"https:\/\/tmp.bajkizkrainyfuraha.pl\/?page_id=1414"},"modified":"2024-10-17T11:20:22","modified_gmt":"2024-10-17T09:20:22","slug":"hestia-front","status":"publish","type":"page","link":"https:\/\/bajkizkrainyfuraha.pl\/","title":{"rendered":""},"content":{"rendered":"\n<h2 class=\"wp-block-heading has-text-align-center\">Bajki z Krainy Furaha<\/h2>\n\n\n<div class=\"wp-block-image\">\n<figure class=\"aligncenter size-full is-resized\"><img loading=\"lazy\" decoding=\"async\" width=\"704\" height=\"870\" src=\"https:\/\/bajkizkrainyfuraha.pl\/wp-content\/uploads\/2024\/04\/406027468_270882282646084_7795910872871438957_n-1.jpg\" alt=\"\" class=\"wp-image-1454\" style=\"width:363px;height:auto\" srcset=\"https:\/\/bajkizkrainyfuraha.pl\/wp-content\/uploads\/2024\/04\/406027468_270882282646084_7795910872871438957_n-1.jpg 704w, https:\/\/bajkizkrainyfuraha.pl\/wp-content\/uploads\/2024\/04\/406027468_270882282646084_7795910872871438957_n-1-243x300.jpg 243w, https:\/\/bajkizkrainyfuraha.pl\/wp-content\/uploads\/2024\/04\/406027468_270882282646084_7795910872871438957_n-1-600x741.jpg 600w\" sizes=\"auto, (max-width: 704px) 100vw, 704px\" \/><\/figure>\n<\/div>\n\n\n<h2 class=\"wp-block-heading\"><\/h2>\n\n\n\n<p>To charytatywny projekt, z kt\u00f3rego wszystkie zyski zostaj\u0105 przekazane na chore dzieci w Kenii, b\u0119d\u0105ce pod opiek\u0105 fundacji HELP FURAHA. Idea ta powsta\u0142a w g\u0142owie autorki bajek Ani Remisz, kt\u00f3ra wsp\u00f3lnie ze swoim wydawc\u0105 Marcinem \u0141aptosem postanowi\u0142a wyda\u0107 w formie ksi\u0105\u017cki wszystkie bajki jakie napisa\u0142a dla podopiecznych fundacji HELP FURAHA. Do projektu zosta\u0142y zaanga\u017cowane kolejne osoby, dzi\u0119ki kt\u00f3rym ten projekt mocno si\u0119 rozrasta i nied\u0142ugo znajdzie sw\u00f3j fina\u0142 w postaci wydanej ksi\u0105\u017cki. Zapraszamy do naszej cudownej Krainy Furaha<\/p>\n","protected":false},"excerpt":{"rendered":"<p>Bajki z Krainy Furaha To charytatywny projekt, z kt\u00f3rego wszystkie zyski zostaj\u0105 przekazane na chore dzieci w Kenii, b\u0119d\u0105ce pod opiek\u0105 fundacji HELP FURAHA. Idea ta powsta\u0142a w g\u0142owie autorki bajek Ani Remisz, kt\u00f3ra wsp\u00f3lnie ze swoim wydawc\u0105 Marcinem \u0141aptosem postanowi\u0142a wyda\u0107 w formie ksi\u0105\u017cki wszystkie bajki jakie napisa\u0142a dla [&hellip;]<\/p>\n","protected":false},"author":1,"featured_media":0,"parent":0,"menu_order":0,"comment_status":"closed","ping_status":"closed","template":"","meta":{"_themeisle_gutenberg_block_has_review":false,"_kadence_starter_templates_imported_post":false,"footnotes":""},"class_list":["post-1414","page","type-page","status-publish","hentry"],"_links":{"self":[{"href":"https:\/\/bajkizkrainyfuraha.pl\/index.php?rest_route=\/wp\/v2\/pages\/1414","targetHints":{"allow":["GET"]}}],"collection":[{"href":"https:\/\/bajkizkrainyfuraha.pl\/index.php?rest_route=\/wp\/v2\/pages"}],"about":[{"href":"https:\/\/bajkizkrainyfuraha.pl\/index.php?rest_route=\/wp\/v2\/types\/page"}],"author":[{"embeddable":true,"href":"https:\/\/bajkizkrainyfuraha.pl\/index.php?rest_route=\/wp\/v2\/users\/1"}],"replies":[{"embeddable":true,"href":"https:\/\/bajkizkrainyfuraha.pl\/index.php?rest_route=%2Fwp%2Fv2%2Fcomments&post=1414"}],"version-history":[{"count":11,"href":"https:\/\/bajkizkrainyfuraha.pl\/index.php?rest_route=\/wp\/v2\/pages\/1414\/revisions"}],"predecessor-version":[{"id":1509,"href":"https:\/\/bajkizkrainyfuraha.pl\/index.php?rest_route=\/wp\/v2\/pages\/1414\/revisions\/1509"}],"wp:attachment":[{"href":"https:\/\/bajkizkrainyfuraha.pl\/index.php?rest_route=%2Fwp%2Fv2%2Fmedia&parent=1414"}],"curies":[{"name":"wp","href":"https:\/\/api.w.org\/{rel}","templated":true}]}}